the remainder when 94 is divided by k?
22
Let r be 0/2 + -1 + -1. Suppose -8 = 4*w + 5*n, 4*w + 7*n = 3*n - 12. Let c = r - w. What is the remainder when 8 is divided by c?
3
Let z = -13 + 24. Calculate the remainder when 30 is divided by z.
8
Suppose 0 = -5*l - 4*p - 16, 4*l + p + 8 = 4. Suppose l = -4*b + 5*h + 15, -h = 4*b + 3. Let x = 8 - b. Calculate the remainder when 21 is divided by x.
5
Let u(v) = v**2 + 12*v + 13. Let o be u(-11). Suppose -4*g = -s + 65, o*g - 7*g + 200 = 5*s. What is the remainder when s is divided by 12?
9
Suppose -5*f = -0*o - 2*o + 31, 0 = -o - 4*f + 35. What is the remainder when 44 is divided by o?
21
Let z(m) = 2*m**3 - 4*m**2 - 3 - m**3 + 3*m**2 + 4*m. Calculate the remainder when 24 is divided by z(2).
6
Let g = 87 - -80. What is the remainder when g is divided by 24?
23
Suppose 3*r - 15 = -2*r, a + 5*r = 15. Suppose -3*b = -a*b - 21. Calculate the remainder when b is divided by 4.
3
Suppose 9*k + 6*k - 105 = 0. Calculate the remainder when 19 is divided by k.
5
Let b = -19 + 24. Suppose -4*y = -2*y - 46. What is the remainder when y is divided by b?
3
Suppose -9*o + 65 = -4*o. What is the remainder when (14/4)/((-1)/(-14)) is divided by o?
10
Let s = 26 + 3. Suppose -26 = -i + s. Suppose 0 = -4*c + i - 3. What is the remainder when 38 is divided by c?
12
What is the remainder when 39 is divided by 60/8*2 - 1?
11
Calculate the remainder when ((-20)/4)/(1/(-1)) is divided by 6/21 - (-19)/7.
2
Let z = 15 - 11. What is the remainder when 19 - 1 - z/(-2) is divided by 11?
9
Suppose 2*p - 10 = -0. Suppose -2*f - 3*f + 35 = 0. Suppose 0 = 4*m + r - 7, 0 = -2*m - 0*m + 3*r + f. What is the remainder when p is divided by m?
1
Suppose 0 = a, -7*l - 3*a + 68 = -3*l. What is the remainder when 48 is divided by l?
14
Let g(c) = c - 2. Let w be g(6). Suppose w*a = 5 + 11. Let p = a - 3. Calculate the remainder when 2 is divided by p.
0
Suppose -3*b + 54 = -2*n + 13, 0 = 4*b + 2*n - 36. Calculate the remainder when b is divided by 2.
1
Let y(i) be the third derivative of -i**6/120 + i**5/15 - i**4/24 + 5*i**3/6 + 4*i**2. Calculate the remainder when 1 is divided by y(4).
0
Suppose 3*b - 21 = -6. Calculate the remainder when 24 is divided by b.
4
Suppose d + 5*z = 46, 0*d - 5*d = z - 158. Calculate the remainder when d is divided by 12.
7
Suppose -61 - 53 = 2*u. Let d = u - -99. What is the remainder when d is divided by 15?
12
Let s = 47 + -30. Let f(u) = 8*u**2 + 3*u + 4. What is the remainder when f(-3) is divided by s?
16
Suppose 2*s - 34 = -4*q, -2*q + 41 = 3*s + 2*q. Let n(u) = 4*u**3 - u + 1. Let y be n(1). Suppose 3*o - y*o = -12. What is the remainder when o is divided by s?
5
Suppose 2*t - 4*t + 60 = 0. Let n = 3 + 13. Calculate the remainder when t is divided by n.
14
Suppose 3*t - 276 = -0*t - 4*w, -184 = -2*t + w. What is the remainder when t is divided by 31?
30
Suppose -18*j + 14*j = -8. What is the remainder when j is divided by 2?
0
Suppose 4*j - 74 - 66 = 0. Let m = j + 1. Calculate the remainder when m is divided by 13.
10
What is the remainder when 16 is divided by (-8)/(-20) - 56/(-10)?
4
Calculate the remainder when 7 is divided by 0 - (-3 + 0 + -1).
3
Suppose 3*x + b - 5 = 11, -x - b + 2 = 0. Calculate the remainder when x is divided by (3 - 0) + 0 + 1.
3
Suppose -6*o + 95 = 17. Calculate the remainder when o is divided by 4.
1
Suppose -5*j - 2*u + 70 = -u, -55 = -5*j + 2*u. What is the remainder when 36 is divided by j?
10
Suppose 0*i - 30 = -2*i. Let o(s) = -3*s**2 - 4 - 2 + 3 + 10*s + 4*s**2. What is the remainder when i is divided by o(-11)?
7
Suppose -4*h - 12 = y - 53, 0 = 4*h - 16. Calculate the remainder when y is divided by 9.
7
Suppose -3*z = -2*z - 2*u - 29, 0 = 3*z - 5*u - 92. Calculate the remainder when z is divided by ((-20)/4 - -4)*-7.
4
Let k(w) = -12*w - 3. What is the remainder when 123 is divided by k(-2)?
18
Let c = -90 - -96. What is the remainder when 22 is divided by c?
4
Let s(a) = a + 2. Let j be (-1)/(3 - (-10)/(-3)). Let v be s(j). Let m = 43 - v. What is the remainder when m is divided by 10?
8
Suppose 3*v - 12 = -0*v. Suppose 0*z = -v*x - 3*z + 34, -2*x = -2*z - 24. What is the remainder when 19 is divided by x?
9
Calculate the remainder when 37 is divided by (-1 - (-10)/4)*(-114)/(-9).
18
Let r be (-10)/(-25) + 8/5. Suppose r*q = -2*h + 3*q + 51, 3*q + 9 = 0. What is the remainder when h is divided by 13?
11
Let h(s) = 3*s**2 + 3*s - 4. Calculate the remainder when 53 is divided by h(-3).
11
Let c be 4/(-5)*5/(-2). Suppose 2*x + c*x - 96 = 0. Calculate the remainder when x is divided by 9.
6
Let r(n) = -3*n**2 - 39*n - 12. Calculate the remainder when 430 is divided by r(-11).
52
Let b be -5 + 13 + (0 - 2). Calculate the remainder when 85 is divided by 9/b*44/3.
19
Suppose 3*y - 87 = -5*o, 21 = -3*y + 4*o + 108. What is the remainder when y is divided by 10?
9
Suppose -3*v = -8*v + 75. Calculate the remainder when (-27)/(-18)*58/3 is divided by v.
14
Let c(m) = 2*m**2 + 3*m + 4. Let v be c(3). Suppose 8*t - v = 7*t. What is the remainder when t is divided by ((-44)/(-6))/((-4)/(-6))?
9
Let o(f) be the second derivative of f**5/20 + f**4 + 7*f**3/3 - 5*f**2/2 - 6*f. Calculate the remainder when o(-10) is divided by 14.
13
Let a = -41 - -58. Suppose -5*j = -8 - a. Suppose 0 = v - j*g, 0 = -g - 0 + 3. What is the remainder when 44 is divided by v?
14
Suppose 5*i = 377 - 77. Suppose -3*n - i = -7*n. What is the remainder when 27 is divided by n?
12
Let y(r) = -r**2 + 4*r + 67. What is the remainder when y(0) is divided by 24?
19
Let p be (-2)/(-3) - (-1)/3. Suppose -p = c - 6. Suppose f - x - 6 = 5, -3*x - 42 = -4*f. Calculate the remainder when f is divided by c.
4
Suppose h - 5*b = 92, 0 = -0*h - 3*h - 3*b + 294. Let t = h - 62. Calculate the remainder when t is divided by 12.
11
Suppose 5*a = -5*j + 45, 3*j - 13 = -2*a + 9. Suppose 7*y = j*y. Calculate the remainder when 38 is divided by (y + 0)/2 + 10.
8
Suppose 2*f - 76 = a, -4*f - 5*a - 200 = -9*f. Suppose 0*q - 3*q + f = 0. What is the remainder when 47 is divided by q?
11
Let b(s) = -s**2 - 2*s - 7. Let y be b(5). Let q be y/(-18) + (-2)/(-3). Suppose p = 4*l, -p + 21 = 2*l + q. What is the remainder when 35 is divided by p?
11
Let w(s) = s**3 + 17*s**2 - 19*s - 5. Calculate the remainder when 50 is divided by w(-18).
11
Let t = 50 + -14. What is the remainder when t is divided by 19?
17
Let k(h) be the second derivative of -h**5/20 + h**4/3 - h**3/3 - h**2/2 - h. Suppose 2*t + 12 = 5*t. Calculate the remainder when t is divided by k(3).
0
Let i = -20 - -110. Calculate the remainder when i is divided by 13.
12
Let y(l) = -4*l**3 - 3*l**2 - 2*l - 1. Calculate the remainder when y(-2) is divided by 12.
11
Suppose 0 = -4*a - 74 + 398. Calculate the remainder when a is divided by ((-12)/8)/((-9)/168).
25
Let v = -5 + 9. Suppose v*o - 8 = -4*g, o - 6*o - 4*g = -11. Suppose 47 - 147 = -5*a + 5*x, 65 = 2*a + o*x. Calculate the remainder when a is divided by 9.
7
Let c = -52 + 73. Calculate the remainder when c is divided by 12.
9
Suppose -28 - 152 = -5*j. Calculate the remainder when j is divided by 13.
10
What is the remainder when (-308)/(-20) + (-2)/5 is divided by (12/18)/((-1)/(-6))?
3
Calculate the remainder when 54 is divided by (1 - 8)*(-6 - -2).
26
Let h = -54 - -56. What is the remainder when 4 is divided by h?
0
Let s(q) = 3*q**3 - 2*q**2 + 3*q - 5. Suppose -3*o = -8*o + 4*t + 254, 3 = -3*t. What is the remainder when o is divided by s(2)?
16
Suppose 4 - 21 = -p - 2*s, 5*p - 5*s = 85. Calculate the remainder when p is divided by ((-2)/3)/((-1)/9).
5
Let w be (-1 + 1)*(-1)/(-2). Suppose -5*p = 3*x + 2*x - 10, -3*x = 0. Calculate the remainder when p is divided by 1 + 1 - w/(-2).
0
Suppose -4 = -2*l + 4. Let m be (2 + -6)*6/(-8). Suppose -m*n + 13 = -8. Calculate the remainder when n is divided by l.
3
Let v(d) = 8*d - 15. What is the remainder when v(10) is divided by 20?
5
Suppose 2*k - 5*a + 253 + 536 = 0, -3*a = 2*k + 749. Calculate the remainder when (-4)/14 - k/14 is divided by 15.
12
Suppose -23 - 4 = 4*f - 5*c, 3*f + 3*c = 0. Let d(i) = -i**3 - i**2 + 1. Calculate the remainder when d(f) is divided by 8.
3
Suppose -16 = -0*v - v. Let o be v/(-24) + (-4)/3. Let b(l) = -l**3 + 2*l. Calculate the remaind